i*p - 936, 5*t + 4*p - 2373 = 0. What are the prime factors of t?
11, 43
Let b = 87 + 152. Suppose 4*h = b + 177. List the prime factors of h.
2, 13
Let a(m) = 2*m**2 + 6*m - 4. Let q be a(-4). Suppose 0 = -4*r + q*t - 4, 3*r + 4*t = -0*t - 24. List the prime factors of (r/16*2)/((-2)/704).
2, 11
Let z = -1008 + 571. Let y = z + 1147. Suppose 9*h - 442 = y. List the prime factors of h.
2
Suppose 6*i + 1767 = -855. Let m = i + 1088. What are the prime factors of m?
3, 7, 31
Let t = -166 - -87. Let v = -77 - t. Let r(s) = 23*s**3 - 2*s**2 - 3*s + 4. List the prime factors of r(v).
2, 3, 29
Let h be 45/(-15) - 4/(-1). Let d be (1 - h)/((-17)/17). Suppose l - 86 = -d*l. What are the prime factors of l?
2, 43
Let f = 29668 - 7053. What are the prime factors of f?
5, 4523
Suppose -18*i + 570 = i. What are the prime factors of 15095/i + 3/(-18)?
503
Suppose -50*v + 48*v = -3*n + 13155, -n + 2*v + 4389 = 0. List the prime factors of n.
3, 487
Suppose 19*d = -0*d + 334609. What are the prime factors of d?
11, 1601
Let s = -9853 - -18330. List the prime factors of s.
7, 173
Suppose -8*u + 10 = -6*u, 3*u + 5 = -4*i. What are the prime factors of (24/14)/(i/((-17535)/6))?
2, 3, 167
Let x be ((-240)/(-192))/(2/8*-1). Let f be x + 76/16 + (-5619)/(-12). Suppose -5*q + k + 571 + 553 = 0, 5*k = 2*q - f. What are the prime factors of q?
2, 7
Suppose -2*z + 2 = 4*p, 3*p - 20 = -p + 4*z. Let j be (1/p)/(153/(-78) - -2). What are the prime factors of 8/(-52) + 1211/j?
3, 31
Suppose 78*l - 138*l = -454920. List the prime factors of l.
2, 17, 223
Suppose -2*o - 4*s = -1766, 0*s - 898 = -o + 3*s. Let b = -616 + o. What are the prime factors of b?
3, 7, 13
Let k = 120356 + -79232. What are the prime factors of k?
2, 3, 23, 149
Let w = -131 - -123. List the prime factors of (w/10)/4 - (-4932)/60.
2, 41
Let u(n) = -40*n + 35. Let a be u(-4). Let x = -38 + a. List the prime factors of x.
157
Let a be 14/(0 - (6 + -4)) + -3. List the prime factors of (a/(-6))/((-65)/(-15678)).
2, 3, 67
Let p = 11 + -15. Let v be 10*(-3 - p - 2). What are the prime factors of v/(-20) + (-33)/(-6)?
2, 3
Suppose -35*y = -45*y + 62310. What are the prime factors of y?
3, 31, 67
Let o = -128 - -215. Suppose -22 + 258 = 2*b. Let k = b - o. What are the prime factors of k?
31
Suppose -3*r + f + 44278 + 31166 = 0, -5*f = 30. What are the prime factors of r?
2, 3, 11, 127
Let g = -83 + 18. Let p = g + 83. Suppose -3*x + p = -339. List the prime factors of x.
7, 17
Let c(g) = 3*g**2 + g - 1. Let x be c(1). Suppose 0 = l - 4*y - 11, -y = -l - x*l - 16. Let k(i) = -9*i + 2. What are the prime factors of k(l)?
47
Suppose -5*b + z = 12, -b + 2*b = 3*z - 8. Let c be -5 - (-6 - b) - -149. Suppose -2*a - l = -143, -a = a - 4*l - c. List the prime factors of a.
2, 3
Let l = 2559 + -749. What are the prime factors of (l/(-15))/((-21)/9 + 2)?
2, 181
Suppose 0 = -2*h + 2*i - 1018, 2*h + 459 + 552 = -5*i. Let g = 929 + h. List the prime factors of g.
421
Let p = 6004 - -12741. What are the prime factors of p?
5, 23, 163
What are the prime factors of 308/220 - 48879/(-15)?
2, 5, 163
Let v = 12754 + 5512. What are the prime factors of v?
2, 9133
Suppose -5*g - 4*n + 2992 = -527, 0 = -2*g + n + 1405. Let x = 1314 - g. What are the prime factors of x?
13, 47
What are the prime factors of (-349)/(((-3)/30)/(8/10))?
2, 349
Suppose -46*a = -38*a. Suppose a = 26*h - 14*h - 2592. What are the prime factors of h?
2, 3
Let c(r) = r**2 + 17*r + 34. Let g be c(-15). Let q be 173 + 1 + ((-16)/g - -3). Suppose 4*y + q = 525. What are the prime factors of y?
2, 11
Suppose -1 - 41 = -6*v. Suppose -2*n = -3*n - v. List the prime factors of (n/2 + 3)/((-2)/188).
47
Suppose 9*g + w - 185052 = 7*g, 0 = -3*g + 2*w + 277592. List the prime factors of g.
2, 5783
Let z = 124 + -50. Suppose a = 2*u + z + 151, -3*a - 5*u + 631 = 0. What are the prime factors of a?
7, 31
What are the prime factors of (27636 + 4 + 37)/((-2)/(-4))?
2, 13, 2129
Let x(c) = c**3 + 2*c**2 - 271*c + 19090. List the prime factors of x(0).
2, 5, 23, 83
Let v(j) = 27*j**2 + 3*j - 41. Let n(x) = 25*x**2 + 6*x - 42. Let l(r) = -6*n(r) + 7*v(r). List the prime factors of l(-2).
151
Let g be -20*(33/12 + -3). Suppose -3*b + g*b - 70 = 0. What are the prime factors of 1652/b + (-4)/(-5)?
2, 3
Suppose 3*i - 3*d = 702, -5*i + 0*d = 4*d - 1215. Let o(n) = -13*n + 39. Let h be o(-5). Let g = i - h. What are the prime factors of g?
3, 5
Suppose -13*o + 4776 = -5*o. Suppose o = -7*f + 5133. List the prime factors of f.
2, 3
Let x = -260 + 277. Suppose 0 = -x*s + 7946 + 12573. What are the prime factors of s?
17, 71
Let u(g) = 8*g**2 - 21*g - 74. Let o be u(21). Suppose 4*v - 5*a = -0*a + o, 0 = -2*v + 5*a + 1499. List the prime factors of v.
757
Let y = 286 + -282. Suppose 3*p = -y*o + 575, -3*p - 2 = -17. What are the prime factors of o?
2, 5, 7
Suppose 82*h + 18 = 88*h. Suppose 0 = h*u - 5*n - 396, -2*n + 6 = -4*n. List the prime factors of u.
127
Let s = 75 + 228. Suppose 0 = -3*q + 6*q - s. List the prime factors of q.
101
Let w(n) = 3*n + 1886 + 55*n**2 - 50*n**2 - 421. List the prime factors of w(0).
5, 293
Let p(o) = 144*o + 79. Let z(w) = -144*w - 81. Let r(c) = -4*p(c) - 5*z(c). List the prime factors of r(5).
809
Suppose 0 = -4*q - 3*d - 7, -2 = -5*q - 5*d - 7. Let s be ((-6)/q)/(22/44). Suppose s*m - 409 = 6*a - 2*a, -5*a = -3*m + 407. List the prime factors of m.
139
Let i(m) = 120*m**2 + 86*m - 209. Let f(l) = 30*l**2 + 21*l - 52. Let d(k) = 9*f(k) - 2*i(k). List the prime factors of d(6).
2, 283
What are the prime factors of (((-372)/18)/(6/1011))/((-1)/3)?
31, 337
Suppose 0 = -4*f - 17*f - 8*f + 371374. What are the prime factors of f?
2, 19, 337
Let w(b) = b**2 - 2*b - 2. Let q be w(0). Let r(k) = 255*k**2 + 5*k + 12. List the prime factors of r(q).
2, 7, 73
Let f = -284 + 343. Let g = 325 + f. List the prime factors of g.
2, 3
Suppose 0 = -3*p - 4*y + 20, 0 = 3*p + p + 3*y - 29. What are the prime factors of p/6 - 1 - 16140/(-45)?
359
Let o(d) = -d**2 + 7*d + 10. Let m be o(9). Let l = m - -12. Suppose w + l*h = 204, -w + 3*h = -203 + 6. List the prime factors of w.
2, 5
Let g(j) = -j**2 + 15*j - 6. Suppose 0*a - a - p + 20 = 0, -4*p + 20 = 0. Let k be g(a). What are the prime factors of 9/k*92/(-6)?
23
Let c = 5708 - 3232. What are the prime factors of c?
2, 619
Let h(g) = 102*g - 134. Let n be h(8). Let r = n + -38. List the prime factors of r.
2, 7, 23
Let s be (-1)/((1 - 8/7) + 0). Suppose d = -5*g - 2 + s, -3*d + 15 = 4*g. Suppose -4*z + 2*k = -20 - 254, 0 = -5*k - d. What are the prime factors of z?
2, 17
Suppose -5*o - 150578 = -3*m, -m + 582*o = 581*o - 50190. List the prime factors of m.
2, 23, 1091
List the prime factors of 1536 + (4 - (-4 + -6)).
2, 5, 31
Let c(l) be the first derivative of 11*l**3 + 2*l**2 - 22*l + 54. What are the prime factors of c(5)?
823
Let q(v) = -v**3 - 5*v**2 - 5*v - 1. Let j be q(-4). Suppose d - j = 1, -19 = -k + 3*d. Let b = k - 9. What are the prime factors of b?
2, 11
Let t = 93 - 85. Suppose 5*v + t = -4*l + 4*v, l + 5*v = -2. List the prime factors of -3 + 21/3 - l.
2, 3
Let y(l) = -87*l**2 - 5*l + 11. Let w(t) = -88*t**2 - 3*t + 10. Let g(f) = -3*w(f) + 2*y(f). What are the prime factors of g(-2)?
2, 3, 59
Let s be 2 + 3 + 12/3. Suppose -4044 = -4*z + 2*n, -5*n + 2122 = 5*z - 2918. Suppose s*m - z = 4*m. List the prime factors of m.
2, 101
Let k = -213 + 680. List the prime factors of k - 5/(-10)*8.
3, 157
Let q = 9265 + 13463. List the prime factors of q.
2, 3, 947
Suppose 1846009 - 149116 = 11*d + 22*d. What are the prime factors of d?
51421
Let j = 28510 + -7863. What are the prime factors of j?
11, 1877
Suppose 128*l = 6*l + 396622. What are the prime factors of l?
3251
Let x(i) = 3*i**3 - 6*i**2 - 7*i + 9. Let l be x(4). Suppose -12*v + l = 17. Suppose 0*c - 3*c = 5*w - 246, v*c = -3*w + 154. What are the prime factors of w?
2, 3
Suppose -5*z + 5*w = -295, 3*w + 26 = -3*z + 221. Let u = -58 + z. Suppose -u*h + 594 = 3*l, 5*h - 39 + 218 = l. What are the prime factors of l?
2, 97
Suppose -5*v = -6*v - 818. Let d = v + 1212. List the prime factors of d.
2, 197
Suppose -152560 = -20*o - 25960. What are the prime factors of o?
2, 3, 5, 211
Let v be 3 + 0/(2 + 5/(-1)). Suppose p - 619 = -5*o, 0*o = 4*p - v*o